289 + 41283. What is the tens digit of g?
9
Let s be (-69)/(-184) - -2*10/32. Let u(f) = 877*f**3 - f**2 + f - 1. What is the hundreds digit of u(s)?
8
Let d = 13592 - 3808. What is the tens digit of d?
8
Let y = 60526 + 21351. What is the tens digit of y?
7
Let k = -122 + 120. Let x be 1*(k + 3 + -4). What is the hundreds digit of ((-156)/26)/(x*2/260)?
2
What is the thousands digit of ((-88)/(-5))/(4/(-3)*(-116)/13920)?
1
Let z = 44506 - 12963. What is the ten thousands digit of z?
3
Let v(w) = -13*w + 9 - w + 36*w**2 - 35*w**2. Let x(g) = g**2 + 22*g - 1. Let y be x(-23). What is the units digit of v(y)?
5
Let t be (12/(-2))/(12/(-5) - -2). Suppose 3*q = 7*q - m - t, -5*q + 30 = m. Suppose -q*f + 347 = -163. What is the units digit of f?
2
Suppose 0 = -8*t + 10*t - 58. Let q = t - 26. Suppose q*z + 31 = -5*a + 126, -z = 3*a - 61. What is the tens digit of a?
2
Let g be 4/5*115/2. Let f = g + -50. What is the units digit of ((-63)/(-27))/((-3)/(18*f))?
6
Suppose -w + 4*w - 45 = 4*t, w = -1. What is the tens digit of (-8)/6*(t/3 + -98)?
3
Suppose -4 = 5*u + 2*c + 26, 3*u + 2*c = -18. Let w be u/(-4 + 2)*-43. Let q = w + 215. What is the units digit of q?
6
Let n be 1/(2/(-8) + 91/252). Suppose -3*k + n*k + 60 = 0. Let j(t) = t**2 + 8*t + 40. What is the tens digit of j(k)?
6
What is the ten thousands digit of (-2)/(-8) - (-60083)/4 - 637/91?
1
Let o(m) be the third derivative of -m**6/60 - 11*m**5/60 + m**4/4 + m**3/2 + 152*m**2. What is the hundreds digit of o(-12)?
8
Let o be 60/(-24) + 1221/6. Suppose 6*g + 339 + o = 0. Let p = g - -140. What is the tens digit of p?
5
Suppose -271*n + 385*n = 1857623 - 534767. What is the tens digit of n?
0
Let f be (24/(-18))/(30/9 - 3). Let c be -1 - f - (-128 + -2). Suppose -2*q - 2*i = -204, -3*q + c = 2*i - 170. What is the units digit of q?
9
Suppose 18 = 10*a - 4*a. Suppose -a*r + 3*v + 861 = 2*r, 336 = 2*r - 4*v. Suppose -2*i + i + r = 5*x, -i = -4*x + 141. What is the tens digit of x?
3
Let s(d) = -8*d**3 - 3*d - 3. Let f be s(-1). Let u be (6/15)/((-2)/(-120)). Suppose -u = 7*o - f*o. What is the units digit of o?
4
Suppose -113*l + 120*l - 40159 = 0. What is the units digit of l?
7
Let b be 334/6 - 4*(-3)/36. Suppose b*d = 23*d + 29073. What is the hundreds digit of d?
8
Suppose -4*k + 5*x + 35 = -k, 2*x = -3*k + 7. Suppose t = -0*t + 534. Suppose -t = 2*p - k*p. What is the tens digit of p?
7
Suppose 0 = 8*h - 301932 + 4884. What is the units digit of h?
1
Let v = -82203 - -116238. What is the hundreds digit of v?
0
Let m = 318 - 324. What is the tens digit of (-2)/m + (0 - (-598)/6)?
0
Let x(p) = -3*p**2 + 41*p - 8. Let d be x(14). Let r = 729 - d. What is the hundreds digit of r?
7
Suppose -45*s + 683930 - 164270 = 0. What is the tens digit of s?
4
Let t(y) = 2044*y**3 - y**2 - 4*y - 4. Let p be t(-1). Suppose 0 = -5*i - 65 - 25. What is the tens digit of 3/i - p/30?
6
Suppose -33 = 19*n - 30*n. Suppose 2*m + 5*f - 349 = 0, 0 = -3*m - n*f + 669 - 123. What is the hundreds digit of m?
1
Suppose -6*b + 688335 = 3*b + 6*b. What is the thousands digit of b?
5
Let h = -24713 - -55148. What is the hundreds digit of h?
4
Suppose -4*u + 20 = 0, -68 = -5*x - 4*u + 2. Let y be 3 + 4 + (2 - 5). Suppose -8 = -y*v, v + 6 = 2*k - x. What is the units digit of k?
9
Suppose -b + 22*p = 27*p - 12287, 0 = -4*b - 4*p + 49148. What is the hundreds digit of b?
2
Suppose 0 = 4*w + 2*k + 1444, 2*w + 2*w - 2*k = -1444. Let r = 68 - w. What is the hundreds digit of r?
4
Suppose -179130 = 4*v + 17*v. What is the tens digit of v/(-12) - (-9)/((-108)/10)?
1
Suppose -6*y = -79 + 2509. Let d = -286 - y. Suppose -3*p + 2*r = 3*r - 161, -d = -2*p - 3*r. What is the units digit of p?
2
Suppose 5*s - 4*m = 3*s, -4*m = -8. Suppose -4*p + s*l = -1204, 6*p - 2*l - 1206 = 2*p. What is the hundreds digit of p?
3
Let z = 451 - 452. Let s(b) = 23*b + 1. Let r(w) = w. Let x(y) = 3*r(y) - s(y). What is the tens digit of x(z)?
1
Let c = 12967 - -5358. What is the thousands digit of c?
8
Let s = 111 - 123. Let r = s + 105. What is the tens digit of r?
9
Suppose 4*c - 14 = f, -3*f = -c + f - 4. Let h = 77 - c. Suppose -3*g = -4*g + h. What is the tens digit of g?
7
Suppose 23442 = 5*v + 2*c, -4*v - 33*c + 34*c = -18751. What is the tens digit of v?
8
Let m be 18/(-30)*(-2 + (2 - 5)). Suppose -m*u + 1756 = v - u, 5*v - u - 8736 = 0. What is the thousands digit of v?
1
Let l(d) = -2*d**2 + 2*d + 1924. Let t be l(0). Let n = -968 + t. What is the tens digit of n?
5
Let a(x) = 3*x + 6. Let b be a(-4). Let y(j) = -18*j + 237616*j**2 + j**3 - 237612*j**2 + 7 + 0*j**3. What is the units digit of y(b)?
3
Let p = -12308 - -25514. What is the tens digit of p?
0
Let n(c) = 22*c**2 - 55. Let q be n(-14). Suppose q = 12*a - a. What is the tens digit of a?
8
Let q be 23/((-345)/12) - 3368/(-10). Let d = -159 + q. What is the units digit of d?
7
Suppose -2*p + 5*j + 6 = 0, 5*p - 3*j = -8*j + 15. Let d(b) = 16*b + 83. What is the units digit of d(p)?
1
Suppose 11 = -4*s - 1. Let b be 23/s*(-9)/3. Suppose b = 2*p - 79. What is the units digit of p?
1
Let f(i) = 283*i**2 + 31*i - 138. What is the hundreds digit of f(-9)?
5
Suppose -5185 = -z - a, -5*a - 25 = -10. What is the thousands digit of z?
5
Let j(x) = -7*x**2 + 8*x - 6. Let c be j(6). Let l = -27 - c. What is the hundreds digit of l?
1
Suppose 0 = 4*u - 5*d + 160, 0*d - 127 = 3*u - 2*d. Let w be ((-126)/(-30))/((-3)/u). Suppose 5*y - w = -4*x - 5, 0 = 3*y - 6. What is the units digit of x?
2
Suppose 54 + 51 = 7*n. Let y be 35/n*(-3 + -18). Let k = y - -165. What is the tens digit of k?
1
Let q be 3/3*(11 - 0). Suppose -1840 = 3*c - q*c. Suppose -605 = -3*u - 2*u - 4*y, -c = -2*u - 4*y. What is the tens digit of u?
2
Let m = 291 - -50. Let t be (14/4 + -2)*((-39984)/(-63))/28. Suppose 2*k - m = -5*q, 4*k = 2*q + t - 180. What is the units digit of q?
9
Let t be (4/(-6))/((-12)/18). Let q(k) be the second derivative of 103*k**4/12 + k**3 - k**2/2 + 29*k - 1. What is the units digit of q(t)?
8
Let j(n) be the third derivative of n**6/120 + 3*n**5/20 + 5*n**4/12 + 5*n**3/6 - 112*n**2. Let h be (-4)/20 + 57/(-15). What is the tens digit of j(h)?
4
Let i = -15171 + 28318. What is the hundreds digit of i?
1
Let n be (-1*(-21)/4)/((-6)/(-32)). Suppose n*g - 762 = 22*g. What is the hundreds digit of g?
1
Let n be (-2332)/(-12) + 4/6. Let h = -65 + n. Suppose 7*j - 5*j - h = 0. What is the units digit of j?
5
Suppose -3*c + 16921 = 4*k - 17000, -4*k = -2*c - 33946. Suppose 0 = 30*x - 36*x + k. What is the thousands digit of x?
1
Let x(v) be the third derivative of v**6/30 - v**5/15 - 7*v**4/12 - v**3/3 - 16*v**2 - 2. What is the tens digit of x(6)?
3
Suppose -6*t + 47 = -25. Suppose -t*f + 2*z = -9*f - 2767, 4*z = -20. What is the hundreds digit of f?
9
What is the tens digit of 21120 - ((-64)/(-14) + 150/350)?
1
Let d = 86194 + -53567. What is the tens digit of d?
2
Suppose 0*r + 2*n - 231 = -5*r, 3*r - 138 = -n. Let c be (r/((-20)/(-4)))/3. What is the units digit of 2*(c/(-3) - -79)?
6
Suppose -11*q + 29*q - 432 = 0. What is the units digit of (18756/q)/(1/2)?
3
Let v(l) = 6*l**2 + 297*l + 843. What is the units digit of v(-55)?
8
Let w = -247 + 223. Let k(h) = 2*h**2 + 35*h + 20. What is the units digit of k(w)?
2
Let k(u) = -14*u + 6*u + 7*u. Let z(o) = 43*o - 19. Let s(f) = -5*k(f) + z(f). What is the tens digit of s(3)?
2
Let f(s) = 4*s**2 + s + 12. Let a be f(-6). Let c be (16/10)/(4 - 596/a). What is the hundreds digit of (-3)/(-30) + 7734/c?
1
Suppose -5*y + 3*r + 2924 = 1228, -r - 678 = -2*y. Let f = 1410 - 1400. Suppose 3*b = -f*b + y. What is the units digit of b?
6
Let y = 55 + -97. Let b(u) = u**3 + 14*u**2 + 37*u + 23. Let w be b(-6). Let l = y + w. What is the tens digit of l?
4
Let i = 7403 - 3997. What is the thousands digit of i?
3
Let o(m) = -8*m**3 + 56*m**2 + 3*m - 6. Let n be o(7). Suppose 5250 = n*l - 1455. What is the hundreds digit of l?
4
Suppose 2756185 = 26*x - 15*x + 48*x. What is the hundreds digit of x?
7
What is the units digit of (-1 - (-7079)/(-4))*(13 - (-282)/(-18))?
2
Suppose 10*n = 5*w + 12*n + 5458, 5*w + 3*n = -5462. Let c = -362 - w. Suppose -12*j + c = -5*j. What is the hundreds digit of j?
1
Suppose -36*z + 2241003 = -497481. What is the tens digit of z?
6
L